 99 - 153. Let y = x - -109. What is the greatest common divisor of n and y?
11
Let t(p) = 2*p - 8. Let m be t(6). Calculate the greatest common factor of 28 and m.
4
Suppose -4*z - 17 = -3*i - 0*z, i = 2*z + 5. Let g = 46 + -11. What is the greatest common divisor of i and g?
7
Let r = -6 - -11. What is the highest common factor of 15 and r?
5
Let g(f) = -50*f**3 + f**2 + 2*f + 1. Let n be g(-1). What is the greatest common factor of 10 and n?
10
Let w = 27 - 17. Let b be 2/1*(-16)/(-4). Suppose -2*i + 22 + b = 0. What is the highest common factor of w and i?
5
Let y = -7 - -20. Calculate the highest common factor of y and 52.
13
Let g(w) = -w + 9. Let q = 3 - -2. Let n be g(q). Suppose -n*h = m - 52, 0 = m + 2*h - 3*h - 42. Calculate the greatest common divisor of 4 and m.
4
Let d(p) = -p + 8. Let n be d(7). Let q be (-1 + n)/(9 - 8). Suppose q = -4*t + 370 + 26. What is the greatest common factor of t and 9?
9
Suppose -12 = 4*w, -5*w = -k + 4 + 14. Let b(u) = 57*u - 6. Let m be b(k). What is the highest common divisor of m and 15?
15
Suppose 4*t - 642 = -26. Let q be (-2)/(3 - 7/2). Suppose 5*h + 2*y = 78, 0*h + q*h + y - 60 = 0. Calculate the greatest common divisor of h and t.
14
Let l be (-1)/2 - (-19)/2. What is the highest common divisor of l and 9?
9
Let d(t) = -t**3 - 6*t**2 + 15*t + 32. Let x be d(-8). Calculate the greatest common divisor of x and 60.
20
Let l(b) = b**2 + 3*b. Let x be l(-3). Let p be 13 - (2 + (-4 - x)). What is the highest common divisor of p and 3?
3
Suppose -3*l - 3*i + 14 + 16 = 0, -12 = -l - 2*i. Let p be (-6 - -3)*(-2)/3. Calculate the highest common divisor of p and l.
2
Let g be (87/4)/((-9)/(-24)). Let n = g + -40. Calculate the highest common factor of 162 and n.
18
Let l = -11 + 25. What is the greatest common factor of 7 and l?
7
Let d be 152/4*(3 - 2). Suppose -6*k + k + 3*x = -d, -2*k + 3*x = -17. Calculate the highest common factor of k and 28.
7
Let y be 5/(-10) - 14/(-4). Suppose -132 = -2*r - 2*r. What is the greatest common divisor of y and r?
3
Let g be ((-18)/12)/(1/(-2)). Calculate the greatest common divisor of g and 12.
3
Suppose -6*b = -4*b - 20. Let i(k) = 2*k - 15. Let p be i(b). Calculate the greatest common factor of p and 1.
1
Suppose -2*s + 66 = -3*u, 0*s + 4*s - 120 = 3*u. Let b = s - 9. What is the greatest common divisor of 9 and b?
9
Suppose -5*x = -3 - 7. Suppose x*z + 138 = 4*z. Suppose 0 = -4*q + 229 - z. Calculate the greatest common divisor of q and 100.
20
Let x = -10 + 5. Let j(o) = -1 - 12*o - 1 - 2. Let w be j(x). What is the greatest common factor of 7 and w?
7
Let s = 10 + -5. Suppose s*g - g = 32. Let r(b) = b**2 - 7*b - 6. Let v be r(g). What is the highest common factor of 10 and v?
2
Suppose 4*h = k + 5*h - 77, 139 = 2*k - h. Suppose -2*y = -3*m + m - k, m = 0. Let s = 4 + 0. What is the highest common factor of y and s?
4
Let p be 1/5 + -4 + 196/20. What is the highest common divisor of 30 and p?
6
Let j = -47 + 56. Calculate the highest common factor of 12 and j.
3
Let k(q) = -q + 23. Let z be k(7). Let t(s) = 10*s + 2. Let y be t(3). What is the greatest common divisor of y and z?
16
Let i = -5 - -14. Suppose -4*g + 17 = 4*o - i*g, -4*g + 20 = o. Calculate the greatest common divisor of 40 and o.
8
Let w(l) = -l**3 + 6*l**2 + 10*l + 3. Let x be w(7). What is the greatest common divisor of 264 and x?
24
Suppose 0*h = 5*h + 3*l + 140, 0 = 4*h - 4*l + 80. Let r = h + 9. Let c be (18/12)/((-2)/r). Calculate the highest common divisor of c and 30.
6
Let u be (45/(-20) + 3)*24. What is the highest common divisor of u and 2?
2
Suppose 3*a - 2*g + 19 - 59 = 0, 4*a + 5*g - 38 = 0. What is the highest common factor of 132 and a?
12
Suppose 4*d - 260 = -4*z, 8*z = 3*z - 20. Suppose 2*j - d = j. Suppose -50 - 3 = -3*w - 5*l, 3*w - 3*l - j = 0. Calculate the highest common divisor of w and 3.
3
Let p(s) = s**2 + 8. Let g be p(0). What is the greatest common divisor of g and 2?
2
Suppose a = -2*m + 72, 4*a - 184 + 32 = -4*m. What is the highest common divisor of 51 and m?
17
Suppose -3*m = 4*c - 50, -5*m + 5*c = -75 + 15. Calculate the greatest common divisor of m and 2.
2
Let j = -263 + 524. Let d(s) = 5*s**2 - 5*s - 1. Let c be d(3). Calculate the highest common factor of j and c.
29
Let v(r) = 2 + 6 - 6*r - 1 - 1. Let k be v(-7). Suppose b = -2*b + k. What is the greatest common factor of b and 24?
8
Let w = 0 + 4. Suppose 5*m + 6*z = z, 2*m + 6 = -4*z. Suppose -3*a + 40 = 4*f, 2*f + 43 + m = w*a. What is the greatest common factor of 4 and a?
4
Let v = 83 - 67. Let o be 176 + 0*(-2)/(-4). What is the highest common factor of o and v?
16
Let c = 1811 + -1081. Suppose -4*j + 128 = w - 23, 5*j + c = 5*w. What is the greatest common divisor of 21 and w?
21
Suppose -k + 9 = 1. What is the highest common divisor of k and 88?
8
Let h = 10 - 2. What is the greatest common divisor of 8 and h?
8
Suppose 66 - 2 = 4*i. What is the highest common divisor of 8 and i?
8
Let c = 24 - 14. What is the greatest common factor of c and 4?
2
Suppose 4*w - 9 = 7*w, -3*z = 4*w - 96. Calculate the greatest common factor of z and 63.
9
Suppose -3*v + 3*s + 5 + 52 = 0, -4*s = -3*v + 62. What is the highest common divisor of 14 and v?
14
Suppose 4*y = -y + 65. Let c = y - 9. Suppose c*f = -4*o + 36, 0 = -2*o - 0*f + 4*f + 42. Calculate the highest common divisor of 143 and o.
13
Suppose -4*a = -6*a + 20. Calculate the greatest common divisor of a and 10.
10
Let h = 35 - 5. Suppose 3*d - 4*u - 24 = -u, 5*d - u = 24. Suppose -7*v = -2*v + 20, 44 = 5*o + d*v. What is the highest common factor of h and o?
6
Suppose -4*i + 51 + 17 = 0. Let w = -230 + 396. Let o = 353 - w. What is the greatest common divisor of o and i?
17
Suppose j = -0*h + 5*h + 58, 5*h = -2*j + 86. What is the highest common divisor of j and 240?
48
Let u be (-4)/((8/5)/(-4)). Calculate the highest common divisor of 30 and u.
10
Suppose -6*b + 7*b - 9 = 0. Let n(p) = 5*p**2 - 2*p. Let o be n(4). What is the highest common factor of b and o?
9
Let l = -16 - -22. Suppose 0 = 5*b - 0*n - 2*n - 232, 0 = -b - n + 52. Calculate the highest common factor of l and b.
6
Let u(n) = n**2 + 14*n + 5. Let h be u(-14). Suppose 0 = -k + h*k - 24. What is the greatest common factor of k and 54?
6
Let d be (2 - (6 - 4)) + 32. What is the greatest common factor of d and 224?
32
Let c = -173 + 254. Let h be -1*((-1)/1 - -24). Let o = -14 - h. What is the greatest common divisor of o and c?
9
Let h(o) = o**3 - 19*o**2 + 8. Let p be h(19). Suppose -4*c + 99 - 19 = 0. What is the highest common divisor of p and c?
4
Suppose 3*z - 30 = 24. Suppose -2*a + 2 = -4. Suppose 0 = -a*b + 6*b - z. What is the highest common divisor of b and 18?
6
Let p(r) = -r**3 - 4*r**2 + 5*r + 2. Let y be p(-5). Let b(s) = -3*s + 2 + 3*s**y - 1 + 4*s. Let q be b(-2). Calculate the greatest common divisor of q and 66.
11
Let z be 2/(-6) - (-674)/6. Let a(w) = w + 4. Let u be a(-6). Let i = u - -16. Calculate the highest common divisor of z and i.
14
Let t be 20/14*(-42)/(-6). Suppose -3*s = t - 37. Calculate the highest common factor of 99 and s.
9
Let z(r) = -r**3 - 7*r**2 + r - 7. Suppose -5*m - 26 = 3*b, -b + 2*m = -0 + 5. Let o be z(b). Let k = o - -24. Calculate the greatest common factor of k and 10.
10
Suppose -2*r + 3*q = -25, -5*r = 2*q + 3*q - 100. Suppose r = -2*w + 53. What is the greatest common divisor of w and 162?
18
Let m(b) = -b**2 - b + 22. Let x be m(0). Let n be (-1)/(4/(-6))*x. Calculate the greatest common divisor of 3 and n.
3
Let s be (-4 - -1)/((-15)/(-10)). Let i be (6 + -7)*(-4 + s). Suppose 0 = 5*h - 4*t - 3 - 31, 2*h + 2*t = 10. What is the highest common divisor of i and h?
6
Suppose 2*y + 5*y = 672. What is the greatest common factor of y and 8?
8
Let o be (-3 - 0) + 18/3. Let s be o/4 + 349/4. What is the highest common factor of 8 and s?
8
Let v(k) = -3*k**3 - k. Let b be v(-1). Let q be 2*(-1)/b*42. Let f be (1 - q)/(-1 + 3). Calculate the greatest common factor of f and 55.
11
Let b = 42 - -3. Suppose 2*c = -c - 5*m + 54, 4*m + 36 = 2*c. What is the greatest common factor of b and c?
9
Let f = -6 + 12. Let l be 20/f + (-3)/9. Suppose -l*q - 19 + 184 = 0. Calculate the highest common factor of q and 22.
11
Let p(r) = r + 19. Let w be p(-10).